7
Suppose -5*n + 232 = -9*n. Let p = 106 + n. Calculate the highest common divisor of 12 and p.
12
Let z be (-4*5/10)/((-2)/14). Calculate the greatest common divisor of 1442 and z.
14
Let t = 52 + 18. What is the highest common factor of t and 14?
14
Let v(k) = 34*k - 78. Let o be v(5). Calculate the highest common factor of o and 69.
23
Suppose 222 = 4*r - 2*i, 4*r + 3*i - 167 = 40. Calculate the greatest common divisor of 378 and r.
54
Suppose -2*u + 19 = -21. Calculate the greatest common factor of u and 15.
5
Let u be (-1 - 1) + -19 + 81. What is the greatest common divisor of 372 and u?
12
Suppose -5*f - 1380 = -25*f. Calculate the highest common divisor of f and 276.
69
Let n(c) = c + 156. Let m be n(-37). Calculate the highest common divisor of m and 14.
7
Suppose 42 = -t + 8*t. Calculate the greatest common factor of 174 and t.
6
Let a = -19 + 46. Suppose 2*y = 2*b + 63 + 33, -5*y - 2*b = -219. Calculate the greatest common divisor of a and y.
9
Let z(b) = -b**3 + 46*b**2 + 22*b - 121. Let m be z(46). Calculate the greatest common factor of m and 162.
81
Let u(h) = h**3 - 2*h**2 + 2*h + 110. Let p be u(0). Suppose 107*x = p*x - 1089. Suppose -g = 3*g - 132. Calculate the highest common divisor of g and x.
33
Let o be ((-4)/(-5))/((-2)/(-5)). Suppose -o*w + 0 = -8. Suppose 5*r = 2*t - 17, 5*r = -98*t + 102*t - 49. What is the greatest common divisor of t and w?
4
Suppose a + 2*p - 6 = 3*a, -3 = 2*a + p. Let u be -1 - -2*(-17)/a. Suppose 0 = -3*n + 5*n - 8, 4*r = 2*n + 248. What is the greatest common factor of u and r?
16
Suppose 57*q = 55*q + 684. Calculate the highest common factor of q and 36.
18
Suppose -4*i = -3*a + 318, -13*i + 11*i = 6. What is the greatest common divisor of 34 and a?
34
Let j(n) = 33*n + 342. Let a be j(-9). What is the greatest common factor of a and 180?
45
Let i be (-924)/(-15) + 3 + 78/(-30). What is the greatest common factor of 93 and i?
31
Suppose 4*u - 215 = 24*l - 19*l, -u = l - 65. Calculate the greatest common divisor of 192 and u.
12
Suppose 0 = -22*d + 3132 + 11630. Calculate the greatest common factor of d and 61.
61
Let y(n) = 3*n**2 + 3*n - 1. Let a be y(4). Let t = -53 + a. Suppose 0 = -5*h + 27 + 123. Calculate the highest common factor of t and h.
6
Suppose -3*h - 5168 + 13193 = 3*w, -5*h = 2*w - 5365. What is the greatest common factor of w and 6?
6
Let i = -115 + 58. Suppose -72*o = -75*o - 81. Let w = o - i. Calculate the highest common divisor of w and 60.
30
Let q = -1101 - -1106. Let o(d) = d**3 - d**2 - 5*d + 2. Let g be o(3). Calculate the highest common factor of g and q.
5
Let m be 385/10 - -2*(-1)/(-4). Let y be ((-28)/16)/(2/(-104)). What is the greatest common divisor of m and y?
13
Suppose -2*u - 8 - 5 = -5*z, -53 = 2*u + 3*z. Let r = -10 - u. Suppose -2*b = 9*s - 14*s - 2, -3*b + s + 3 = 0. Calculate the highest common divisor of b and r.
1
Suppose -3*s - w - 23 = -0*w, -16 = 2*s + w. Let z(o) = o**3 + 8*o**2 + 7*o + 4. Let k be z(s). What is the highest common factor of 16 and k?
4
Suppose 2*p = -3*l + 114, -4*l + 2*p + 210 = 72. What is the greatest common factor of 1062 and l?
18
Let z(s) = 2*s**2 - 43*s + 39. Let p be z(21). What is the highest common divisor of p and 1278?
18
Let s be -6 + (45 + -9 - 5). Calculate the greatest common factor of s and 325.
25
Let s = 37 + -20. Suppose 16 = -9*g + 13*g. Suppose -h + 4 = 0, -9*f + g*f = -3*h - 753. What is the highest common factor of f and s?
17
Let y(d) = -55*d - 445. Let v be y(-13). Calculate the highest common divisor of 20 and v.
10
Suppose 13 = 4*s - 31. Let q = 202 - 136. What is the greatest common factor of q and s?
11
Let m(c) = 3*c + 6. Let f(q) = q. Let b(z) = -9*f(z) + m(z). Let v be b(-3). Calculate the highest common factor of 12 and v.
12
Suppose 0*q + 42 = q. Let n = -28 + 46. Suppose -5*b + 52 = -n. Calculate the highest common divisor of q and b.
14
Suppose 3851 - 30046 = -31*w. Calculate the greatest common divisor of w and 65.
65
Let f = 14 + 1. Let z(x) = -57*x**3 + x**2 - x + 1. Let p be z(1). Let w be 2/6 + p/(-12). Calculate the greatest common factor of w and f.
5
Suppose u - 922 = -2*u - 5*i, 0 = -3*u + 3*i + 906. What is the greatest common divisor of u and 19?
19
Let b be -4 - 14*1/(-2). Let t be (-3)/(-2)*(-1 + 15). Calculate the highest common factor of t and b.
3
Suppose 2*n = 4 + 36. Let r = n + -37. Let w = r + 31. Calculate the greatest common factor of w and 98.
14
Let y(n) = -n**3 + 20*n**2 + 10*n - 181. Let a be y(20). What is the highest common factor of a and 1501?
19
Let g be 42/7*154/(-3). Let d be -1 - (g/4 - 4). What is the highest common factor of d and 32?
16
Let h be (12 - 7) + -12 + 131. What is the greatest common divisor of 62 and h?
62
Suppose 2*m + 36 = 5*m - 3*n, 12 = m - 3*n. What is the highest common factor of 1884 and m?
12
Suppose 2*x - x - 60 = 0. Suppose 360 = -71*h + 81*h. What is the greatest common factor of h and x?
12
Let z = -6 + -19. Let j = z - -39. Suppose 7*r = 6*r + j. Calculate the greatest common factor of r and 56.
14
Let i = 470 + 708. What is the highest common divisor of i and 38?
38
Suppose 4466 = 49*s - 1953. What is the highest common divisor of 1048 and s?
131
Suppose 90 = 2*o - i, 2*o - i - 88 = i. Calculate the greatest common factor of o and 69.
23
Suppose -10*f + 140 = -30. Suppose -f*a + 1577 = -412. What is the greatest common divisor of a and 18?
9
Suppose -58 = -2*t - 4*j, -4*j + 2*j = 4. Calculate the highest common factor of t and 220.
11
Let i(p) = -p - 1. Let d(v) = -76*v + 6. Let f(n) = -d(n) - 5*i(n). Let u be f(-1). Let w = -38 - u. Calculate the greatest common factor of 4 and w.
4
Let q be 66/(-4)*((-246)/9 - -6). What is the highest common factor of q and 11?
11
Let l(q) = -q - 2. Let u be l(-3). Let h be (-34 + u)*2/(-3). Calculate the highest common divisor of 110 and h.
22
Suppose 0 = 2*j - 116 + 78. Calculate the highest common factor of 361 and j.
19
Let q = -8 - -7. Let x be 14 + -11 - q*2. Calculate the highest common divisor of x and 2.
1
Let s = 29 + -24. Suppose 0*l - s*l = -180. Calculate the highest common factor of 90 and l.
18
Let n = -43 - -50. Suppose 153 = n*r - 6*r. Calculate the highest common divisor of r and 9.
9
Let d(t) = t**3 + 47*t**2 - 14*t + 98. Let i be d(-47). What is the greatest common divisor of i and 56?
28
Let p be (-2 - 0) + 5 - -3. Let r be ((-6)/4)/(p/(-368)). Let a be 20/16 + 5/(-20) - -22. What is the highest common factor of a and r?
23
Let a be 18 - 0 - (-1 - -1). Suppose 3 = -32*d + 29*d, 3*b + 3*d - 429 = 0. What is the highest common divisor of b and a?
18
Let p = -54 - -58. What is the greatest common factor of 2 and p?
2
Suppose 104*y - 121*y = -2635. Calculate the greatest common divisor of y and 248.
31
Let s be (-2 + (-3 - -3))*-1. Suppose 0 = -7*u + s*u + 170. What is the highest common factor of 17 and u?
17
Let k = -169 - -181. What is the highest common factor of 372 and k?
12
Let h(z) = z**3 - 5*z**2 + 3*z - 10. Let x be h(5). Let u be 5/((-2 - -1)/((-10)/x)). What is the highest common divisor of 5 and u?
5
Suppose 0 = -7*k + 47 + 44. What is the highest common divisor of 65 and k?
13
Let n be (-4)/6 + (-325)/3. Let h = n - -159. Calculate the highest common factor of 20 and h.
10
Let q = -133 - -130. Let f be (4 - 0)/((-1)/(-2)). Let y = f - q. What is the highest common divisor of 1 and y?
1
Let f(g) = -7*g**2 - 7*g - 6. Let b be f(-5). Let z = b - -153. Calculate the highest common factor of z and 133.
7
Let l = 1693 - 1648. Calculate the highest common factor of l and 261.
9
Let b(i) = -28*i. Let g be b(-2). Let a be 4/((-99)/21 - -5). Calculate the highest common divisor of g and a.
14
Let s(o) = 2*o + 4. Let u be s(-3). Let g = -3 - u. Let p be 6/((-5)/(-3) + g). What is the greatest common divisor of p and 36?
9
Let a(s) = 80*s**2 - 13*s + 2. Let n(o) = 40*o**2 - 6*o + 1. Let c(i) = -6*a(i) + 13*n(i). Let q be c(-1). What is the greatest common divisor of 369 and q?
41
Suppose -2*o - 10 = -4*o. Let h(t) = o + 1 + 14*t**2 - 16*t + 12*t. Let r be h(3). Calculate the highest common divisor of 15 and r.
15
Suppose -183 = -3*s + 2*z, -3*z - 57 = -66. Calculate the highest common divisor of s and 72.
9
Let b = -54 - -86. Suppose -y = -2*y + 12. Let p be (0 + 1)*y/3. Wh